{"id":740,"date":"2014-11-17T01:41:04","date_gmt":"2014-11-17T05:41:04","guid":{"rendered":"http:\/\/136.145.11.14\/?page_id=740"},"modified":"2023-02-06T15:38:01","modified_gmt":"2023-02-06T19:38:01","slug":"vicepresidencia-de-asuntos-academicos","status":"publish","type":"page","link":"https:\/\/www.upr.edu\/ac\/vicepresidencias\/vicepresidencia-de-asuntos-academicos\/","title":{"rendered":"Vicepresidencia en Asuntos Acad\u00e9micos e Investigaci\u00f3n"},"content":{"rendered":"<div class=\"wpb-content-wrapper\" id=\"wpb-content-root\"><p>[vc_row][vc_column][vc_column_text]La Vicepresidencia Ejecutiva en Asuntos Acad\u00e9micos e Investigaci\u00f3n (VPAAI) tiene la responsabilidad de atender y tramitar todas las iniciativas referentes a la agenda universitaria en Asuntos Acad\u00e9micos e Investigaci\u00f3n.\u00a0 En el \u00e1rea de asuntos acad\u00e9micos, coordina, a nivel del sistema de la Universidad de Puerto Rico (UPR), los planes para la creaci\u00f3n y desarrollo de una oferta acad\u00e9mica \u00e1gil, de excelencia, y coherente con las necesidades del pa\u00eds y con la misi\u00f3n de la Universidad.\u00a0 Promueve y asegura la calidad, pertinencia y vigencia de los ofrecimientos acad\u00e9micos a trav\u00e9s del desarrollo e implantaci\u00f3n de pol\u00edticas y procedimientos institucionales dirigidos a la creaci\u00f3n, evaluaci\u00f3n continua, e implantaci\u00f3n exitosa de estos.\u00a0 La VPPAI asesora y asiste en la formulaci\u00f3n de planes de desarrollo a ser sometidos ante la consideraci\u00f3n del Presidente y de las juntas correspondientes.\u00a0 Tambi\u00e9n tiene como funci\u00f3n coordinar actividades relacionadas con acreditaciones y licencias de las unidades institucionales; participar en el proceso de reconocimiento de grados acad\u00e9micos; y mantener un sistema de informaci\u00f3n e investigaci\u00f3n institucional que facilite la planificaci\u00f3n y la toma decisiones.\u00a0 En el \u00e1rea de investigaci\u00f3n tiene como funci\u00f3n evaluar la actividad de creaci\u00f3n e investigaci\u00f3n; y recomendar al Presidente medidas y normas institucionales que promuevan el aprovechamiento m\u00e1ximo de los recursos de creaci\u00f3n e investigaci\u00f3n.\u00a0 Promover tambi\u00e9n el desarrollo de proyectos dirigidos a elaborar la estructura administrativa y gerencial, al igual que la infraestructura inform\u00e1tica a nivel de sistema.[\/vc_column_text][vc_empty_space][\/vc_column][\/vc_row][vc_row][vc_column][vc_separator color=\u00bborange\u00bb border_width=\u00bb3&#8243;][vc_empty_space][\/vc_column][\/vc_row]<\/p>\n<\/div>","protected":false},"excerpt":{"rendered":"<p>[vc_row][vc_column][vc_column_text]La Vicepresidencia Ejecutiva en Asuntos Acad\u00e9micos e Investigaci\u00f3n (VPAAI) tiene la responsabilidad de atender y tramitar todas las iniciativas referentes a la agenda universitaria en Asuntos Acad\u00e9micos e Investigaci\u00f3n.\u00a0 En el \u00e1rea de asuntos acad\u00e9micos, coordina, a nivel del sistema de la Universidad de Puerto Rico (UPR), los planes para la creaci\u00f3n y desarrollo de&hellip;<\/p>\n","protected":false},"author":13,"featured_media":0,"parent":271,"menu_order":77,"comment_status":"closed","ping_status":"closed","template":"","meta":{"_themeisle_gutenberg_block_has_review":false,"footnotes":""},"class_list":["post-740","page","type-page","status-publish","hentry","description-off"],"_links":{"self":[{"href":"https:\/\/www.upr.edu\/ac\/wp-json\/wp\/v2\/pages\/740","targetHints":{"allow":["GET"]}}],"collection":[{"href":"https:\/\/www.upr.edu\/ac\/wp-json\/wp\/v2\/pages"}],"about":[{"href":"https:\/\/www.upr.edu\/ac\/wp-json\/wp\/v2\/types\/page"}],"author":[{"embeddable":true,"href":"https:\/\/www.upr.edu\/ac\/wp-json\/wp\/v2\/users\/13"}],"replies":[{"embeddable":true,"href":"https:\/\/www.upr.edu\/ac\/wp-json\/wp\/v2\/comments?post=740"}],"version-history":[{"count":37,"href":"https:\/\/www.upr.edu\/ac\/wp-json\/wp\/v2\/pages\/740\/revisions"}],"predecessor-version":[{"id":38957,"href":"https:\/\/www.upr.edu\/ac\/wp-json\/wp\/v2\/pages\/740\/revisions\/38957"}],"up":[{"embeddable":true,"href":"https:\/\/www.upr.edu\/ac\/wp-json\/wp\/v2\/pages\/271"}],"wp:attachment":[{"href":"https:\/\/www.upr.edu\/ac\/wp-json\/wp\/v2\/media?parent=740"}],"curies":[{"name":"wp","href":"https:\/\/api.w.org\/{rel}","templated":true}]}}

Vicepresidencia en Asuntos Académicos e Investigación

<div class="wpb-content-wrapper" id="wpb-content-root"><p>[vc_row][vc_column][vc_column_text]La Vicepresidencia Ejecutiva en Asuntos Académicos e Investigación (VPAAI) tiene la responsabilidad de atender y tramitar todas las iniciativas referentes a la agenda universitaria en Asuntos Académicos e Investigación.  En el área de asuntos académicos, coordina, a nivel del sistema de la Universidad de Puerto Rico (UPR), los planes para la creación y desarrollo de una oferta académica ágil, de excelencia, y coherente con las necesidades del país y con la misión de la Universidad.  Promueve y asegura la calidad, pertinencia y vigencia de los ofrecimientos académicos a través del desarrollo e implantación de políticas y procedimientos institucionales dirigidos a la creación, evaluación continua, e implantación exitosa de estos.  La VPPAI asesora y asiste en la formulación de planes de desarrollo a ser sometidos ante la consideración del Presidente y de las juntas correspondientes.  También tiene como función coordinar actividades relacionadas con acreditaciones y licencias de las unidades institucionales; participar en el proceso de reconocimiento de grados académicos; y mantener un sistema de información e investigación institucional que facilite la planificación y la toma decisiones.  En el área de investigación tiene como función evaluar la actividad de creación e investigación; y recomendar al Presidente medidas y normas institucionales que promuevan el aprovechamiento máximo de los recursos de creación e investigación.  Promover también el desarrollo de proyectos dirigidos a elaborar la estructura administrativa y gerencial, al igual que la infraestructura informática a nivel de sistema.[/vc_column_text][vc_empty_space][/vc_column][/vc_row][vc_row][vc_column][vc_separator color=»orange» border_width=»3&#8243;][vc_empty_space][/vc_column][/vc_row]</p>
</div>

<p>[vc_row][vc_column][vc_column_text]La Vicepresidencia Ejecutiva en Asuntos Académicos e Investigación (VPAAI) tiene la responsabilidad de atender y tramitar todas las iniciativas referentes a la agenda universitaria en Asuntos Académicos e Investigación.  En el área de asuntos académicos, coordina, a nivel del sistema de la Universidad de Puerto Rico (UPR), los planes para la creación y desarrollo de&hellip;</p>
