{"id":11729,"date":"2016-07-01T11:35:08","date_gmt":"2016-07-01T15:35:08","guid":{"rendered":"https:\/\/www.upr.edu\/?page_id=11729"},"modified":"2019-10-07T13:09:27","modified_gmt":"2019-10-07T17:09:27","slug":"oficina-de-asistencia-economica-programa-de-estudio-y-trabajo","status":"publish","type":"page","link":"https:\/\/www.upr.edu\/ac\/vicepresidencias\/vicepresindencia-de-asuntos-estudiantiles\/vicepresidencia-de-asuntos-estudiantiles-oficinas-adscritas\/asistencia-economica\/oficina-de-asistencia-economica-programa-de-estudio-y-trabajo\/","title":{"rendered":"Oficina de Asistencia Econ\u00f3mica \u2013 Programa de Estudio y Trabajo"},"content":{"rendered":"<div class=\"wpb-content-wrapper\" id=\"wpb-content-root\"><p>[vc_row][vc_column][vc_column_text]Este Programa proporciona empleo dentro y fuera de las unidades institucionales. \u00a0Su objetivo es brindarle al estudiante la oportunidad de adquirir experiencia en \u00e1reas relacionadas con sus estudios.<\/p>\n<p>Las horas trabajadas no exceder\u00e1n de veinte (20) a la semana y se retribuir\u00e1 al estudiante de acuerdo a lo establecido por la universidad siendo siempre igual o mayor al m\u00ednimo federal prevaleciente.<\/p>\n<p>Son elegibles para este programa estudiantes que cualifican para la Beca Pell y estudiantes a nivel graduado.[\/vc_column_text][vc_empty_space][\/vc_column][\/vc_row]<\/p>\n<\/div>","protected":false},"excerpt":{"rendered":"<p>[vc_row][vc_column][vc_column_text]Este Programa proporciona empleo dentro y fuera de las unidades institucionales. \u00a0Su objetivo es brindarle al estudiante la oportunidad de adquirir experiencia en \u00e1reas relacionadas con sus estudios. Las horas trabajadas no exceder\u00e1n de veinte (20) a la semana y se retribuir\u00e1 al estudiante de acuerdo a lo establecido por la universidad siendo siempre igual&hellip;<\/p>\n","protected":false},"author":15,"featured_media":0,"parent":11513,"menu_order":0,"comment_status":"closed","ping_status":"closed","template":"","meta":{"_themeisle_gutenberg_block_has_review":false,"footnotes":""},"class_list":["post-11729","page","type-page","status-publish","hentry","description-off"],"_links":{"self":[{"href":"https:\/\/www.upr.edu\/ac\/wp-json\/wp\/v2\/pages\/11729","targetHints":{"allow":["GET"]}}],"collection":[{"href":"https:\/\/www.upr.edu\/ac\/wp-json\/wp\/v2\/pages"}],"about":[{"href":"https:\/\/www.upr.edu\/ac\/wp-json\/wp\/v2\/types\/page"}],"author":[{"embeddable":true,"href":"https:\/\/www.upr.edu\/ac\/wp-json\/wp\/v2\/users\/15"}],"replies":[{"embeddable":true,"href":"https:\/\/www.upr.edu\/ac\/wp-json\/wp\/v2\/comments?post=11729"}],"version-history":[{"count":6,"href":"https:\/\/www.upr.edu\/ac\/wp-json\/wp\/v2\/pages\/11729\/revisions"}],"predecessor-version":[{"id":16420,"href":"https:\/\/www.upr.edu\/ac\/wp-json\/wp\/v2\/pages\/11729\/revisions\/16420"}],"up":[{"embeddable":true,"href":"https:\/\/www.upr.edu\/ac\/wp-json\/wp\/v2\/pages\/11513"}],"wp:attachment":[{"href":"https:\/\/www.upr.edu\/ac\/wp-json\/wp\/v2\/media?parent=11729"}],"curies":[{"name":"wp","href":"https:\/\/api.w.org\/{rel}","templated":true}]}}

Oficina de Asistencia Económica – Programa de Estudio y Trabajo

<div class="wpb-content-wrapper" id="wpb-content-root"><p>[vc_row][vc_column][vc_column_text]Este Programa proporciona empleo dentro y fuera de las unidades institucionales.  Su objetivo es brindarle al estudiante la oportunidad de adquirir experiencia en áreas relacionadas con sus estudios.</p>
<p>Las horas trabajadas no excederán de veinte (20) a la semana y se retribuirá al estudiante de acuerdo a lo establecido por la universidad siendo siempre igual o mayor al mínimo federal prevaleciente.</p>
<p>Son elegibles para este programa estudiantes que cualifican para la Beca Pell y estudiantes a nivel graduado.[/vc_column_text][vc_empty_space][/vc_column][/vc_row]</p>
</div>

<p>[vc_row][vc_column][vc_column_text]Este Programa proporciona empleo dentro y fuera de las unidades institucionales.  Su objetivo es brindarle al estudiante la oportunidad de adquirir experiencia en áreas relacionadas con sus estudios. Las horas trabajadas no excederán de veinte (20) a la semana y se retribuirá al estudiante de acuerdo a lo establecido por la universidad siendo siempre igual&hellip;</p>
