{"id":11715,"date":"2016-07-01T11:15:38","date_gmt":"2016-07-01T15:15:38","guid":{"rendered":"https:\/\/www.upr.edu\/?page_id=11715"},"modified":"2023-08-22T11:08:46","modified_gmt":"2023-08-22T15:08:46","slug":"oficina-de-asistencia-economica-becas-estatales","status":"publish","type":"page","link":"https:\/\/www.upr.edu\/ac\/vicepresidencias\/vicepresindencia-de-asuntos-estudiantiles\/vicepresidencia-de-asuntos-estudiantiles-oficinas-adscritas\/asistencia-economica\/oficina-de-asistencia-economica-becas-estatales\/","title":{"rendered":"VPAE \u2013 Becas Estatales y Privadas- Estudiantes Subgraduados y Graduados"},"content":{"rendered":"<div class=\"wpb-content-wrapper\" id=\"wpb-content-root\"><p>[vc_row][vc_column][vc_column_text]<\/p>\n<h2>Beca Legislativa<\/h2>\n<p>[\/vc_column_text][vc_column_text]Este programa de ayudas legislativas provee ayuda al estudiante elegible de nivel subgraduado y graduado, el cual sirve como complemento a otras ayudas. La concesi\u00f3n de la beca ser\u00e1 basada en la necesidad econ\u00f3mica del estudiante, el EFC determinado y los cr\u00e9ditos grado matriculados, hasta agotar el presupuesto disponible.[\/vc_column_text][vc_empty_space][vc_column_text]<\/p>\n<h2>Becas Privadas (administradas desde Administraci\u00f3n Central) sujetas a disponibilidad de fondos:<\/h2>\n<p>[\/vc_column_text][vc_column_text]<\/p>\n<ul>\n<li><span style=\"color: #000000;\"><a style=\"color: #000000;\" href=\"https:\/\/www.upr.edu\/ac\/upraa\/\">University of Puerto Rico Alumni Association (UPRAA)<\/a><\/span><\/li>\n<li><span style=\"color: #000000;\"><a style=\"color: #000000;\" href=\"https:\/\/www.upr.edu\/ac\/hijos-de-policias-caidos-en-el-deber\/\">Hijos de Polic\u00edas Ca\u00eddos en el Cumplimiento del Deber<\/a><\/span><\/li>\n<\/ul>\n<p>[\/vc_column_text][vc_empty_space][vc_column_text]<\/p>\n<h2>Becas Privadas (administradas desde las unidades institucionales del sistema):<\/h2>\n<p>[\/vc_column_text][vc_column_text]Para informaci\u00f3n adicional sobre estas ayudas, favor de comunicarse con la Oficina de Asistencia Econ\u00f3mica en su unidad de estudio.[\/vc_column_text][vc_empty_space][vc_column_text]<\/p>\n<h2>Becas y Pr\u00e9stamos Legislativos (solamente para el Recinto de Ciencias M\u00e9dicas):<\/h2>\n<p>[\/vc_column_text][vc_column_text]<\/p>\n<ul>\n<li>Medicina, Odontolog\u00eda y Veterinaria<\/li>\n<\/ul>\n<p>[\/vc_column_text][\/vc_column][\/vc_row]<\/p>\n<\/div>","protected":false},"excerpt":{"rendered":"<p>[vc_row][vc_column][vc_column_text] Beca Legislativa [\/vc_column_text][vc_column_text]Este programa de ayudas legislativas provee ayuda al estudiante elegible de nivel subgraduado y graduado, el cual sirve como complemento a otras ayudas. La concesi\u00f3n de la beca ser\u00e1 basada en la necesidad econ\u00f3mica del estudiante, el EFC determinado y los cr\u00e9ditos grado matriculados, hasta agotar el presupuesto disponible.[\/vc_column_text][vc_empty_space][vc_column_text] Becas Privadas (administradas&hellip;<\/p>\n","protected":false},"author":15,"featured_media":0,"parent":11513,"menu_order":0,"comment_status":"closed","ping_status":"closed","template":"","meta":{"_themeisle_gutenberg_block_has_review":false,"footnotes":""},"class_list":["post-11715","page","type-page","status-publish","hentry","description-off"],"_links":{"self":[{"href":"https:\/\/www.upr.edu\/ac\/wp-json\/wp\/v2\/pages\/11715","targetHints":{"allow":["GET"]}}],"collection":[{"href":"https:\/\/www.upr.edu\/ac\/wp-json\/wp\/v2\/pages"}],"about":[{"href":"https:\/\/www.upr.edu\/ac\/wp-json\/wp\/v2\/types\/page"}],"author":[{"embeddable":true,"href":"https:\/\/www.upr.edu\/ac\/wp-json\/wp\/v2\/users\/15"}],"replies":[{"embeddable":true,"href":"https:\/\/www.upr.edu\/ac\/wp-json\/wp\/v2\/comments?post=11715"}],"version-history":[{"count":15,"href":"https:\/\/www.upr.edu\/ac\/wp-json\/wp\/v2\/pages\/11715\/revisions"}],"predecessor-version":[{"id":40238,"href":"https:\/\/www.upr.edu\/ac\/wp-json\/wp\/v2\/pages\/11715\/revisions\/40238"}],"up":[{"embeddable":true,"href":"https:\/\/www.upr.edu\/ac\/wp-json\/wp\/v2\/pages\/11513"}],"wp:attachment":[{"href":"https:\/\/www.upr.edu\/ac\/wp-json\/wp\/v2\/media?parent=11715"}],"curies":[{"name":"wp","href":"https:\/\/api.w.org\/{rel}","templated":true}]}}

<div class="wpb-content-wrapper" id="wpb-content-root"><p>[vc_row][vc_column][vc_column_text]</p>
<h2>Beca Legislativa</h2>
<p>[/vc_column_text][vc_column_text]Este programa de ayudas legislativas provee ayuda al estudiante elegible de nivel subgraduado y graduado, el cual sirve como complemento a otras ayudas. La concesión de la beca será basada en la necesidad económica del estudiante, el EFC determinado y los créditos grado matriculados, hasta agotar el presupuesto disponible.[/vc_column_text][vc_empty_space][vc_column_text]</p>
<h2>Becas Privadas (administradas desde Administración Central) sujetas a disponibilidad de fondos:</h2>
<p>[/vc_column_text][vc_column_text]</p>
<ul>
<li><span style="color: #000000;"><a style="color: #000000;" href="https://www.upr.edu/ac/upraa/">University of Puerto Rico Alumni Association (UPRAA)</a></span></li>
<li><span style="color: #000000;"><a style="color: #000000;" href="https://www.upr.edu/ac/hijos-de-policias-caidos-en-el-deber/">Hijos de Policías Caídos en el Cumplimiento del Deber</a></span></li>
</ul>
<p>[/vc_column_text][vc_empty_space][vc_column_text]</p>
<h2>Becas Privadas (administradas desde las unidades institucionales del sistema):</h2>
<p>[/vc_column_text][vc_column_text]Para información adicional sobre estas ayudas, favor de comunicarse con la Oficina de Asistencia Económica en su unidad de estudio.[/vc_column_text][vc_empty_space][vc_column_text]</p>
<h2>Becas y Préstamos Legislativos (solamente para el Recinto de Ciencias Médicas):</h2>
<p>[/vc_column_text][vc_column_text]</p>
<ul>
<li>Medicina, Odontología y Veterinaria</li>
</ul>
<p>[/vc_column_text][/vc_column][/vc_row]</p>
</div>

<p>[vc_row][vc_column][vc_column_text] Beca Legislativa [/vc_column_text][vc_column_text]Este programa de ayudas legislativas provee ayuda al estudiante elegible de nivel subgraduado y graduado, el cual sirve como complemento a otras ayudas. La concesión de la beca será basada en la necesidad económica del estudiante, el EFC determinado y los créditos grado matriculados, hasta agotar el presupuesto disponible.[/vc_column_text][vc_empty_space][vc_column_text] Becas Privadas (administradas&hellip;</p>
